{"id":12,"date":"2018-02-28T02:21:02","date_gmt":"2018-02-28T08:21:02","guid":{"rendered":"https:\/\/2018.guadalajara.wordcamp.org\/organizers\/"},"modified":"2018-06-26T15:53:26","modified_gmt":"2018-06-26T20:53:26","slug":"organizers","status":"publish","type":"page","link":"https:\/\/guadalajara.wordcamp.org\/2018\/organizers\/","title":{"rendered":"Organizadores"},"content":{"rendered":"<p>Somos el\u00a0equipo de organizadores de este\u00a0<strong>WordCamp Guadalajara 2018<\/strong>\u00a0que se llevar\u00e1 a cabo las instalaciones de Centraal GDL. Somos apasionados de WordPress y cada mes organizamos una Meetup con diferentes temas, ah\u00ed nos puedes conocer y externar tus dudas.<\/p>\n<p>\u00a1Con\u00f3cenos!<\/p>\n\t<div class=\"wcorg-organizers\">\n\n\t\t\n\t\t\t<div class=\"wcorg-organizer\">\n\t\t\t\t<h2>Salvador Garc\u00eda<\/h2>\n\t\t\t\t<div class=\"wcorg-organizer-description\">\n\t\t\t\t\t\t\t\t\t\t<img alt='' src='https:\/\/secure.gravatar.com\/avatar\/d27bf44ec3528446f9d2444bb5b37741ae1fd5751e76b03cdaab26cd8c84aacf?s=100&#038;d=mm&#038;r=g' srcset='https:\/\/secure.gravatar.com\/avatar\/d27bf44ec3528446f9d2444bb5b37741ae1fd5751e76b03cdaab26cd8c84aacf?s=200&#038;d=mm&#038;r=g 2x' class='avatar avatar-100 photo' height='100' width='100' \/>\t\t\t\t\t<p>Licenciado en Comunicaci\u00f3n Gr\u00e1fica.<\/p>\n<p>Actualmente trabajo como creativo para las agencias The Apps Chefs y Casafragma en coproducci\u00f3n bajo mi propia marca: Onica.<\/p>\n<p>Soy parte de la comunidad de WordPress Guadalajara y Dev Gdl que promueven la educaci\u00f3n y capacitaci\u00f3n de personas interesadas en conocer o aprender a desarrollar temas web, posicionamiento y dise\u00f1o web.<\/p>\n<p>Comenc\u00e9 en 2007 como coordinador de Merchandising en LG Electronic\u2019s, posteriormente me desempe\u00f1\u00e9 como Dise\u00f1ador de Marca y redes sociales de Ferrero Rocher y Kinder Sorpresa. En el 2013 comenc\u00e9 con el desarrollo de sitios web y redes sociales y adquiero los conocimientos para el posicionamiento web en el Centro del Software del Estado de Jalisco, y participando con la agencia Katalog, desarrollando el SEO y el dise\u00f1o de sitios web.<\/p>\n\t\t\t\t<\/div>\n\t\t\t<\/div>\n\n\t\t\n\t\t\t<div class=\"wcorg-organizer\">\n\t\t\t\t<h2>Ashok Amaran<\/h2>\n\t\t\t\t<div class=\"wcorg-organizer-description\">\n\t\t\t\t\t\t\t\t\t\t<img alt='' src='https:\/\/secure.gravatar.com\/avatar\/9887dacfab27e21e88ecb0c430dca292f38d3822a7b5fc857dbae53df9bb20f8?s=100&#038;d=mm&#038;r=g' srcset='https:\/\/secure.gravatar.com\/avatar\/9887dacfab27e21e88ecb0c430dca292f38d3822a7b5fc857dbae53df9bb20f8?s=200&#038;d=mm&#038;r=g 2x' class='avatar avatar-100 photo' height='100' width='100' \/>\t\t\t\t\t<p>Desarrollador iOS y web. Fundador de App Chefs, una agencia n\u00f3mada digital de desarrollo de aplicaciones web y m\u00f3viles para clientes en Estados Unidos.<\/p>\n\t\t\t\t<\/div>\n\t\t\t<\/div>\n\n\t\t\n\t\t\t<div class=\"wcorg-organizer\">\n\t\t\t\t<h2>Abraham Morales<\/h2>\n\t\t\t\t<div class=\"wcorg-organizer-description\">\n\t\t\t\t\t\t\t\t\t\t<img alt='' src='https:\/\/secure.gravatar.com\/avatar\/455826427002ef45624d3209b2b338681ac111a65038657f9c80bc054576448e?s=100&#038;d=mm&#038;r=g' srcset='https:\/\/secure.gravatar.com\/avatar\/455826427002ef45624d3209b2b338681ac111a65038657f9c80bc054576448e?s=200&#038;d=mm&#038;r=g 2x' class='avatar avatar-100 photo' height='100' width='100' \/>\t\t\t\t\t<p>Abraham Morales es programador web con 3 a\u00f1os de experiencia en programaci\u00f3n PHP, Javascript. Ha creado themes en WordPress, creado dise\u00f1os limpios, responsivos en HTML\/CSS con Bootstrap 3 y 4. Tambi\u00e9n trabaja con frameworks como Laravel.<\/p>\n<p>Le gusta la tecnolog\u00eda, los dispositivos electr\u00f3nicos que puedan cambiar el futuro. Le gusta compartir lo que sabe y hacer que todas las personas est\u00e9n tanto conectadas como familiarizadas con la tecnolog\u00eda.<\/p>\n<p>B\u00fascame en <a href=\"https:\/\/twitter.com\/abraham_moca\" target=\"_blank\" rel=\"noopener\">Twitter<\/a>, <a href=\"https:\/\/www.instagram.com\/abraham.moca\/\" target=\"_blank\" rel=\"noopener\">Instagram<\/a> y <a href=\"https:\/\/www.linkedin.com\/in\/abrahammoca\/\" target=\"_blank\" rel=\"noopener\">Linkedin<\/a>.<\/p>\n\t\t\t\t<\/div>\n\t\t\t<\/div>\n\n\t\t\n\t\t\t<div class=\"wcorg-organizer\">\n\t\t\t\t<h2>Fanny Ochoa<\/h2>\n\t\t\t\t<div class=\"wcorg-organizer-description\">\n\t\t\t\t\t\t\t\t\t\t<img alt='' src='https:\/\/secure.gravatar.com\/avatar\/?s=100&#038;d=mm&#038;r=g' srcset='https:\/\/secure.gravatar.com\/avatar\/?s=200&#038;d=mm&#038;r=g 2x' class='avatar avatar-100 photo avatar-default' height='100' width='100' \/>\t\t\t\t\t<p>Fanny Ochoa, 23 years old, Digital Designer and UI \/ UX.<\/p>\n<p>I work in AppChefs, nomad agency as UI Designer and Community Manager, I am part of WordPress Community Guadalajara, my functionality is the organization of events and community manager.<br \/>\nI work at TaleXa an IT recruitment company looking for the best Mexican talent to work in the United States.<\/p>\n<p>I worked as a group and wedding concierge at Hotel Royalton in Cancun.<\/p>\n<p>I have been Freelancer since I started my career and I do different projects for companies and personal projects.<\/p>\n<p>I love creating Mobile Applications, I focus on the area of Design and User Experience, I like to create services and meet needs for society through these platforms.<\/p>\n\t\t\t\t<\/div>\n\t\t\t<\/div>\n\n\t\t\n\t\t\t<div class=\"wcorg-organizer\">\n\t\t\t\t<h2>Jos Velasco<\/h2>\n\t\t\t\t<div class=\"wcorg-organizer-description\">\n\t\t\t\t\t\t\t\t\t\t<img alt='' src='https:\/\/secure.gravatar.com\/avatar\/325278bedbabb188c7a7fb9e919568efeca13fcab4302644406ceacf3614f9b6?s=100&#038;d=mm&#038;r=g' srcset='https:\/\/secure.gravatar.com\/avatar\/325278bedbabb188c7a7fb9e919568efeca13fcab4302644406ceacf3614f9b6?s=200&#038;d=mm&#038;r=g 2x' class='avatar avatar-100 photo' height='100' width='100' \/>\t\t\t\t\t<p><strong>Jos Velasco<\/strong>\u00a0desarrolla sitios web desde 2009 con WordPress.<\/p>\n<p>Es Ingeniero en\u00a0Sistemas\u00a0Computacionales egresado del ITESO. Dirige los sitios\u00a0web\u00a0<a href=\"http:\/\/frasesdelapelicula.com\/\" target=\"_blank\" rel=\"noopener\">Frases de la pel\u00edcula<\/a>\u00a0e\u00a0<a href=\"https:\/\/impetuosa.org\/\" target=\"_blank\" rel=\"noopener\">impetuosa<\/a>.<\/p>\n<p>Sus proyectos preferidos son los portafolios de artistas visuales como el de\u00a0<a href=\"http:\/\/dianamartin.net\/\" target=\"_blank\" rel=\"noopener\">Diana Mart\u00edn<\/a>\u00a0y los sitios web corporativos. Le gusta mucho comer, viajar y ver pel\u00edculas o series est\u00e9ticamente gratificantes.<\/p>\n\t\t\t\t<\/div>\n\t\t\t<\/div>\n\n\t\t\n\t\t\t<div class=\"wcorg-organizer\">\n\t\t\t\t<h2>Maryl Gonz\u00e1lez<\/h2>\n\t\t\t\t<div class=\"wcorg-organizer-description\">\n\t\t\t\t\t\t\t\t\t\t<img alt='' src='https:\/\/secure.gravatar.com\/avatar\/26bc6e3dd591da0da264750be71e3165de750556eea3db66db5594ead41a226f?s=100&#038;d=mm&#038;r=g' srcset='https:\/\/secure.gravatar.com\/avatar\/26bc6e3dd591da0da264750be71e3165de750556eea3db66db5594ead41a226f?s=200&#038;d=mm&#038;r=g 2x' class='avatar avatar-100 photo' height='100' width='100' \/>\t\t\t\t\t<p class=\"p1\"><strong>\u00a1Hola!<\/strong><\/p>\n<p>Soy Maryl Gonz\u00e1lez y soy una apasionada dise\u00f1adora multidisciplinaria de Guadalajara, M\u00e9xico. Tambi\u00e9n soy cofundadora y Lead Product Designer en <a href=\"http:\/\/theappchefs.com\/\" target=\"_blank\" rel=\"noopener\">The App Chefs<\/a> y fundadora en\u00a0<a href=\"http:\/\/www.talexa.com.mx\/\" target=\"_blank\" rel=\"noopener nofollow\">TaleXa<\/a>.<\/p>\n<p>Me gusta combinar mi pasi\u00f3n por el arte y la tecnolog\u00eda para crear productos funcionales y visualmente atractivos. Enfocada en Product Design para m\u00faltiples plataformas entre web y m\u00f3vil. Recientemente, he descubierto mi amor por las metodolog\u00edas de Scrum \/ Agile y he estado aplicando ese conocimiento para varios proyectos aplicando Agile UX.<\/p>\n<p>Mi tema favorito es Design Thinking centrado en la innovaci\u00f3n social. Creo firmemente que un cambio significativo en una comunidad, grupo o individuo se maneja mejor desde un enfoque de Pensamiento de Dise\u00f1o.<\/p>\n<p>Encu\u00e9ntrame en\u00a0<span class=\"s1\"><a href=\"https:\/\/www.instagram.com\/maryl_\/\"><span class=\"s2\">Instagram<\/span><\/a>,\u00a0<a href=\"https:\/\/twitter.com\/maryl_\"><span class=\"s2\">Twitter<\/span><\/a>,\u00a0and\u00a0<a href=\"https:\/\/www.linkedin.com\/in\/marylgonzalez\/\"><span class=\"s2\">LinkedIn<\/span><\/a>.\u00a0<\/span><\/p>\n\t\t\t\t<\/div>\n\t\t\t<\/div>\n\n\t\t\n\t<\/div><!-- .wcorg-organizers -->\n\t\n","protected":false},"excerpt":{"rendered":"<p>Somos el\u00a0equipo de organizadores de este\u00a0WordCamp Guadalajara 2018\u00a0que se llevar\u00e1 a cabo las instalaciones de Centraal GDL. Somos apasionados de WordPress y cada mes organizamos una Meetup con diferentes temas, ah\u00ed nos puedes conocer y externar tus dudas. \u00a1Con\u00f3cenos!<\/p>\n","protected":false},"author":14536666,"featured_media":0,"parent":0,"menu_order":0,"comment_status":"closed","ping_status":"closed","template":"","meta":{"jetpack_post_was_ever_published":false,"footnotes":""},"class_list":["post-12","page","type-page","status-publish","hentry"],"jetpack_sharing_enabled":true,"_links":{"self":[{"href":"https:\/\/guadalajara.wordcamp.org\/2018\/wp-json\/wp\/v2\/pages\/12","targetHints":{"allow":["GET"]}}],"collection":[{"href":"https:\/\/guadalajara.wordcamp.org\/2018\/wp-json\/wp\/v2\/pages"}],"about":[{"href":"https:\/\/guadalajara.wordcamp.org\/2018\/wp-json\/wp\/v2\/types\/page"}],"author":[{"embeddable":true,"href":"https:\/\/guadalajara.wordcamp.org\/2018\/wp-json\/wp\/v2\/users\/14536666"}],"replies":[{"embeddable":true,"href":"https:\/\/guadalajara.wordcamp.org\/2018\/wp-json\/wp\/v2\/comments?post=12"}],"version-history":[{"count":1,"href":"https:\/\/guadalajara.wordcamp.org\/2018\/wp-json\/wp\/v2\/pages\/12\/revisions"}],"predecessor-version":[{"id":222,"href":"https:\/\/guadalajara.wordcamp.org\/2018\/wp-json\/wp\/v2\/pages\/12\/revisions\/222"}],"wp:attachment":[{"href":"https:\/\/guadalajara.wordcamp.org\/2018\/wp-json\/wp\/v2\/media?parent=12"}],"curies":[{"name":"wp","href":"https:\/\/api.w.org\/{rel}","templated":true}]}}